{"id":73,"date":"2021-05-21T11:55:17","date_gmt":"2021-05-21T11:55:17","guid":{"rendered":"https:\/\/invatarecontinua.assoc.ro\/?page_id=73"},"modified":"2022-01-11T07:46:34","modified_gmt":"2022-01-11T07:46:34","slug":"comunicate","status":"publish","type":"page","link":"https:\/\/invatarecontinua.assoc.ro\/?page_id=73","title":{"rendered":"COMUNICATE"},"content":{"rendered":"\t\t<div data-elementor-type=\"wp-page\" data-elementor-id=\"73\" class=\"elementor elementor-73\" data-elementor-post-type=\"page\">\n\t\t\t\t\t\t<section class=\"elementor-section elementor-top-section elementor-element elementor-element-3686800c elementor-section-boxed elementor-section-height-default elementor-section-height-default\" data-id=\"3686800c\" data-element_type=\"section\" data-e-type=\"section\">\n\t\t\t\t\t\t<div class=\"elementor-container elementor-column-gap-default\">\n\t\t\t\t\t<div class=\"elementor-column elementor-col-100 elementor-top-column elementor-element elementor-element-76bb5f2a\" data-id=\"76bb5f2a\" data-element_type=\"column\" data-e-type=\"column\">\n\t\t\t<div class=\"elementor-widget-wrap elementor-element-populated\">\n\t\t\t\t\t\t<div class=\"elementor-element elementor-element-1ac617ec elementor-widget elementor-widget-text-editor\" data-id=\"1ac617ec\" data-element_type=\"widget\" data-e-type=\"widget\" data-widget_type=\"text-editor.default\">\n\t\t\t\t\t\t\t\t\t<h3>COMUNICATE<\/h3>\t\t\t\t\t\t\t\t<\/div>\n\t\t\t\t\t<\/div>\n\t\t<\/div>\n\t\t\t\t\t<\/div>\n\t\t<\/section>\n\t\t\t\t<section class=\"elementor-section elementor-top-section elementor-element elementor-element-30a1a0e1 elementor-section-boxed elementor-section-height-default elementor-section-height-default\" data-id=\"30a1a0e1\" data-element_type=\"section\" data-e-type=\"section\">\n\t\t\t\t\t\t<div class=\"elementor-container elementor-column-gap-no\">\n\t\t\t\t\t<div class=\"elementor-column elementor-col-100 elementor-top-column elementor-element elementor-element-21309b77\" data-id=\"21309b77\" data-element_type=\"column\" data-e-type=\"column\">\n\t\t\t<div class=\"elementor-widget-wrap elementor-element-populated\">\n\t\t\t\t\t\t<div class=\"elementor-element elementor-element-29cb5b17 elementor-grid-tablet-1 elementor-grid-3 elementor-grid-mobile-1 elementor-posts--thumbnail-top elementor-posts__hover-gradient elementor-widget elementor-widget-posts\" data-id=\"29cb5b17\" data-element_type=\"widget\" data-e-type=\"widget\" data-settings=\"{&quot;cards_columns_tablet&quot;:&quot;1&quot;,&quot;cards_row_gap&quot;:{&quot;unit&quot;:&quot;px&quot;,&quot;size&quot;:70,&quot;sizes&quot;:[]},&quot;pagination_type&quot;:&quot;numbers_and_prev_next&quot;,&quot;cards_columns&quot;:&quot;3&quot;,&quot;cards_columns_mobile&quot;:&quot;1&quot;,&quot;cards_row_gap_tablet&quot;:{&quot;unit&quot;:&quot;px&quot;,&quot;size&quot;:&quot;&quot;,&quot;sizes&quot;:[]},&quot;cards_row_gap_mobile&quot;:{&quot;unit&quot;:&quot;px&quot;,&quot;size&quot;:&quot;&quot;,&quot;sizes&quot;:[]}}\" data-widget_type=\"posts.cards\">\n\t\t\t\t<div class=\"elementor-widget-container\">\n\t\t\t\t\t\t\t<div class=\"elementor-posts-container elementor-posts elementor-posts--skin-cards elementor-grid\">\n\t\t\t\t<article class=\"elementor-post elementor-grid-item post-582 post type-post status-publish format-standard has-post-thumbnail hentry category-comunicate category-noutati\">\n\t\t\t<div class=\"elementor-post__card\">\n\t\t\t\t<a class=\"elementor-post__thumbnail__link\" href=\"https:\/\/invatarecontinua.assoc.ro\/?p=582\" tabindex=\"-1\" ><div class=\"elementor-post__thumbnail\"><img fetchpriority=\"high\" decoding=\"async\" width=\"2560\" height=\"2049\" src=\"https:\/\/invatarecontinua.assoc.ro\/wp-content\/uploads\/2023\/09\/ArticolSustenabilitate-scaled.jpg\" class=\"attachment-full size-full wp-image-581\" alt=\"\" srcset=\"https:\/\/invatarecontinua.assoc.ro\/wp-content\/uploads\/2023\/09\/ArticolSustenabilitate-scaled.jpg 2560w, https:\/\/invatarecontinua.assoc.ro\/wp-content\/uploads\/2023\/09\/ArticolSustenabilitate-300x240.jpg 300w, https:\/\/invatarecontinua.assoc.ro\/wp-content\/uploads\/2023\/09\/ArticolSustenabilitate-1024x820.jpg 1024w, https:\/\/invatarecontinua.assoc.ro\/wp-content\/uploads\/2023\/09\/ArticolSustenabilitate-768x615.jpg 768w, https:\/\/invatarecontinua.assoc.ro\/wp-content\/uploads\/2023\/09\/ArticolSustenabilitate-1536x1230.jpg 1536w, https:\/\/invatarecontinua.assoc.ro\/wp-content\/uploads\/2023\/09\/ArticolSustenabilitate-2048x1639.jpg 2048w, https:\/\/invatarecontinua.assoc.ro\/wp-content\/uploads\/2023\/09\/ArticolSustenabilitate-1200x961.jpg 1200w, https:\/\/invatarecontinua.assoc.ro\/wp-content\/uploads\/2023\/09\/ArticolSustenabilitate-1980x1585.jpg 1980w\" sizes=\"(max-width: 2560px) 100vw, 2560px\" \/><\/div><\/a>\n\t\t\t\t<div class=\"elementor-post__text\">\n\t\t\t\t<h3 class=\"elementor-post__title\">\n\t\t\t<a href=\"https:\/\/invatarecontinua.assoc.ro\/?p=582\" >\n\t\t\t\t\u00cenv\u0103\u021barea pe tot parcursul vie\u021bii: instrument de adaptare unei lumi \u00een schimbare\t\t\t<\/a>\n\t\t<\/h3>\n\t\t\t\t<div class=\"elementor-post__excerpt\">\n\t\t\t<p>\u00centr-o lume aflat\u0103 \u00een continu\u0103 dinamic\u0103 \u0219i inova\u021bie, \u00eenv\u0103\u021barea nu mai este doar o etap\u0103 de \u00eenceput, ci o c\u0103l\u0103torie continu\u0103. Conceptul de &#8220;\u00eenv\u0103\u021bare pe tot parcursul vie\u021bii&#8221; a devenit<\/p>\n\t\t<\/div>\n\t\t\n\t\t<a class=\"elementor-post__read-more\" href=\"https:\/\/invatarecontinua.assoc.ro\/?p=582\" aria-label=\"Read more about \u00cenv\u0103\u021barea pe tot parcursul vie\u021bii: instrument de adaptare unei lumi \u00een schimbare\" tabindex=\"-1\" >\n\t\t\tCITE\u0218TE INTEGRAL...\t\t<\/a>\n\n\t\t\t\t<\/div>\n\t\t\t\t\t<\/div>\n\t\t<\/article>\n\t\t\t\t<article class=\"elementor-post elementor-grid-item post-567 post type-post status-publish format-standard has-post-thumbnail hentry category-comunicate category-noutati\">\n\t\t\t<div class=\"elementor-post__card\">\n\t\t\t\t<a class=\"elementor-post__thumbnail__link\" href=\"https:\/\/invatarecontinua.assoc.ro\/?p=567\" tabindex=\"-1\" ><div class=\"elementor-post__thumbnail\"><img decoding=\"async\" width=\"2048\" height=\"1152\" src=\"https:\/\/invatarecontinua.assoc.ro\/wp-content\/uploads\/2023\/03\/06_2023_14Martie_135494.jpg\" class=\"attachment-full size-full wp-image-560\" alt=\"\" srcset=\"https:\/\/invatarecontinua.assoc.ro\/wp-content\/uploads\/2023\/03\/06_2023_14Martie_135494.jpg 2048w, https:\/\/invatarecontinua.assoc.ro\/wp-content\/uploads\/2023\/03\/06_2023_14Martie_135494-300x169.jpg 300w, https:\/\/invatarecontinua.assoc.ro\/wp-content\/uploads\/2023\/03\/06_2023_14Martie_135494-1024x576.jpg 1024w, https:\/\/invatarecontinua.assoc.ro\/wp-content\/uploads\/2023\/03\/06_2023_14Martie_135494-768x432.jpg 768w, https:\/\/invatarecontinua.assoc.ro\/wp-content\/uploads\/2023\/03\/06_2023_14Martie_135494-1536x864.jpg 1536w, https:\/\/invatarecontinua.assoc.ro\/wp-content\/uploads\/2023\/03\/06_2023_14Martie_135494-1200x675.jpg 1200w, https:\/\/invatarecontinua.assoc.ro\/wp-content\/uploads\/2023\/03\/06_2023_14Martie_135494-1980x1114.jpg 1980w\" sizes=\"(max-width: 2048px) 100vw, 2048px\" \/><\/div><\/a>\n\t\t\t\t<div class=\"elementor-post__text\">\n\t\t\t\t<h3 class=\"elementor-post__title\">\n\t\t\t<a href=\"https:\/\/invatarecontinua.assoc.ro\/?p=567\" >\n\t\t\t\t14 Martie 2023 &#8211; Peste 900 de angaja\u0163i, \u00eenv\u0103\u0163a\u0163i s\u0103 ia decizii bune \u00een carier\u0103\t\t\t<\/a>\n\t\t<\/h3>\n\t\t\t\t<div class=\"elementor-post__excerpt\">\n\t\t\t<p>Reu\u015fitele unui proiect sunt relevante nu doar prin indicatorii atin\u015fi, ci \u015fi prin gradul de satisfac\u0163ie al celor implica\u0163i \u00een activit\u0103\u0163ile acestuia. Echipa \u015fi participan\u0163ii proiectului \u201c\u00cenv\u0103\u0163are continu\u0103, o decizie<\/p>\n\t\t<\/div>\n\t\t\n\t\t<a class=\"elementor-post__read-more\" href=\"https:\/\/invatarecontinua.assoc.ro\/?p=567\" aria-label=\"Read more about 14 Martie 2023 &#8211; Peste 900 de angaja\u0163i, \u00eenv\u0103\u0163a\u0163i s\u0103 ia decizii bune \u00een carier\u0103\" tabindex=\"-1\" >\n\t\t\tCITE\u0218TE INTEGRAL...\t\t<\/a>\n\n\t\t\t\t<\/div>\n\t\t\t\t\t<\/div>\n\t\t<\/article>\n\t\t\t\t<article class=\"elementor-post elementor-grid-item post-558 post type-post status-publish format-standard has-post-thumbnail hentry category-comunicate category-noutati\">\n\t\t\t<div class=\"elementor-post__card\">\n\t\t\t\t<a class=\"elementor-post__thumbnail__link\" href=\"https:\/\/invatarecontinua.assoc.ro\/?p=558\" tabindex=\"-1\" ><div class=\"elementor-post__thumbnail\"><img decoding=\"async\" width=\"1367\" height=\"1367\" src=\"https:\/\/invatarecontinua.assoc.ro\/wp-content\/uploads\/2023\/03\/02_2023_2Martie_135494.png\" class=\"attachment-full size-full wp-image-562\" alt=\"\" srcset=\"https:\/\/invatarecontinua.assoc.ro\/wp-content\/uploads\/2023\/03\/02_2023_2Martie_135494.png 1367w, https:\/\/invatarecontinua.assoc.ro\/wp-content\/uploads\/2023\/03\/02_2023_2Martie_135494-300x300.png 300w, https:\/\/invatarecontinua.assoc.ro\/wp-content\/uploads\/2023\/03\/02_2023_2Martie_135494-1024x1024.png 1024w, https:\/\/invatarecontinua.assoc.ro\/wp-content\/uploads\/2023\/03\/02_2023_2Martie_135494-150x150.png 150w, https:\/\/invatarecontinua.assoc.ro\/wp-content\/uploads\/2023\/03\/02_2023_2Martie_135494-768x768.png 768w, https:\/\/invatarecontinua.assoc.ro\/wp-content\/uploads\/2023\/03\/02_2023_2Martie_135494-1200x1200.png 1200w\" sizes=\"(max-width: 1367px) 100vw, 1367px\" \/><\/div><\/a>\n\t\t\t\t<div class=\"elementor-post__text\">\n\t\t\t\t<h3 class=\"elementor-post__title\">\n\t\t\t<a href=\"https:\/\/invatarecontinua.assoc.ro\/?p=558\" >\n\t\t\t\t2 Martie 2023 &#8211; Colaborare de succes cu marii angajatori din Maramure\u0219\t\t\t<\/a>\n\t\t<\/h3>\n\t\t\t\t<div class=\"elementor-post__excerpt\">\n\t\t\t<p>Activit\u0103\u0163ile din proiectul \u201c\u00cenv\u0103\u0163are continu\u0103, o decizie bun\u0103 pentru carier\u0103!\u201d ne-au permis s\u0103 cunoa\u015ftem mai bine mediul de afaceri din jude\u0163 \u015fi s\u0103 interac\u0163ion\u0103m cu angaja\u0163i din cadrul unor companii<\/p>\n\t\t<\/div>\n\t\t\n\t\t<a class=\"elementor-post__read-more\" href=\"https:\/\/invatarecontinua.assoc.ro\/?p=558\" aria-label=\"Read more about 2 Martie 2023 &#8211; Colaborare de succes cu marii angajatori din Maramure\u0219\" tabindex=\"-1\" >\n\t\t\tCITE\u0218TE INTEGRAL...\t\t<\/a>\n\n\t\t\t\t<\/div>\n\t\t\t\t\t<\/div>\n\t\t<\/article>\n\t\t\t\t<article class=\"elementor-post elementor-grid-item post-552 post type-post status-publish format-standard has-post-thumbnail hentry category-comunicate category-noutati\">\n\t\t\t<div class=\"elementor-post__card\">\n\t\t\t\t<a class=\"elementor-post__thumbnail__link\" href=\"https:\/\/invatarecontinua.assoc.ro\/?p=552\" tabindex=\"-1\" ><div class=\"elementor-post__thumbnail\"><img loading=\"lazy\" decoding=\"async\" width=\"959\" height=\"540\" src=\"https:\/\/invatarecontinua.assoc.ro\/wp-content\/uploads\/2023\/02\/06_2023_17Februarie_135494.png\" class=\"attachment-full size-full wp-image-537\" alt=\"\" srcset=\"https:\/\/invatarecontinua.assoc.ro\/wp-content\/uploads\/2023\/02\/06_2023_17Februarie_135494.png 959w, https:\/\/invatarecontinua.assoc.ro\/wp-content\/uploads\/2023\/02\/06_2023_17Februarie_135494-300x169.png 300w, https:\/\/invatarecontinua.assoc.ro\/wp-content\/uploads\/2023\/02\/06_2023_17Februarie_135494-768x432.png 768w\" sizes=\"(max-width: 959px) 100vw, 959px\" \/><\/div><\/a>\n\t\t\t\t<div class=\"elementor-post__text\">\n\t\t\t\t<h3 class=\"elementor-post__title\">\n\t\t\t<a href=\"https:\/\/invatarecontinua.assoc.ro\/?p=552\" >\n\t\t\t\t25 februarie 2023: Inteligen\u0163a artificial\u0103 \u015fi imperfec\u0163iunea uman\u0103 &#8211; apari\u021bie pres\u0103, Plus TV\t\t\t<\/a>\n\t\t<\/h3>\n\t\t\t\t<div class=\"elementor-post__excerpt\">\n\t\t\t<p>Un eveniment public dedicat incluziunii persoanelor cu dizabilit\u0103\u0163i \u00een societate a fost organizat de echipa proiectului \u201c\u00cenv\u0103\u0163are continu\u0103, o decizie bun\u0103 pentru carier\u0103!\u201d cu scopul sensibiliz\u0103rii \u015fi inform\u0103rii despre bune<\/p>\n\t\t<\/div>\n\t\t\n\t\t<a class=\"elementor-post__read-more\" href=\"https:\/\/invatarecontinua.assoc.ro\/?p=552\" aria-label=\"Read more about 25 februarie 2023: Inteligen\u0163a artificial\u0103 \u015fi imperfec\u0163iunea uman\u0103 &#8211; apari\u021bie pres\u0103, Plus TV\" tabindex=\"-1\" >\n\t\t\tCITE\u0218TE INTEGRAL...\t\t<\/a>\n\n\t\t\t\t<\/div>\n\t\t\t\t\t<\/div>\n\t\t<\/article>\n\t\t\t\t<article class=\"elementor-post elementor-grid-item post-546 post type-post status-publish format-standard has-post-thumbnail hentry category-comunicate category-noutati\">\n\t\t\t<div class=\"elementor-post__card\">\n\t\t\t\t<a class=\"elementor-post__thumbnail__link\" href=\"https:\/\/invatarecontinua.assoc.ro\/?p=546\" tabindex=\"-1\" ><div class=\"elementor-post__thumbnail\"><img loading=\"lazy\" decoding=\"async\" width=\"1877\" height=\"984\" src=\"https:\/\/invatarecontinua.assoc.ro\/wp-content\/uploads\/2023\/02\/08_2023_22Februarie_135494.jpg\" class=\"attachment-full size-full wp-image-545\" alt=\"\" srcset=\"https:\/\/invatarecontinua.assoc.ro\/wp-content\/uploads\/2023\/02\/08_2023_22Februarie_135494.jpg 1877w, https:\/\/invatarecontinua.assoc.ro\/wp-content\/uploads\/2023\/02\/08_2023_22Februarie_135494-300x157.jpg 300w, https:\/\/invatarecontinua.assoc.ro\/wp-content\/uploads\/2023\/02\/08_2023_22Februarie_135494-1024x537.jpg 1024w, https:\/\/invatarecontinua.assoc.ro\/wp-content\/uploads\/2023\/02\/08_2023_22Februarie_135494-768x403.jpg 768w, https:\/\/invatarecontinua.assoc.ro\/wp-content\/uploads\/2023\/02\/08_2023_22Februarie_135494-1536x805.jpg 1536w, https:\/\/invatarecontinua.assoc.ro\/wp-content\/uploads\/2023\/02\/08_2023_22Februarie_135494-1200x629.jpg 1200w\" sizes=\"(max-width: 1877px) 100vw, 1877px\" \/><\/div><\/a>\n\t\t\t\t<div class=\"elementor-post__text\">\n\t\t\t\t<h3 class=\"elementor-post__title\">\n\t\t\t<a href=\"https:\/\/invatarecontinua.assoc.ro\/?p=546\" >\n\t\t\t\t22 februarie 2023: Inteligen\u0163a artificial\u0103 \u015fi imperfec\u0163iunea uman\u0103\t\t\t<\/a>\n\t\t<\/h3>\n\t\t\t\t<div class=\"elementor-post__excerpt\">\n\t\t\t<p>Un eveniment public dedicat incluziunii persoanelor cu dizabilit\u0103\u0163i \u00een societate a fost organizat de echipa proiectului \u201c\u00cenv\u0103\u0163are continu\u0103, o decizie bun\u0103 pentru carier\u0103!\u201d cu scopul sensibiliz\u0103rii \u015fi inform\u0103rii despre bune<\/p>\n\t\t<\/div>\n\t\t\n\t\t<a class=\"elementor-post__read-more\" href=\"https:\/\/invatarecontinua.assoc.ro\/?p=546\" aria-label=\"Read more about 22 februarie 2023: Inteligen\u0163a artificial\u0103 \u015fi imperfec\u0163iunea uman\u0103\" tabindex=\"-1\" >\n\t\t\tCITE\u0218TE INTEGRAL...\t\t<\/a>\n\n\t\t\t\t<\/div>\n\t\t\t\t\t<\/div>\n\t\t<\/article>\n\t\t\t\t<article class=\"elementor-post elementor-grid-item post-539 post type-post status-publish format-standard has-post-thumbnail hentry category-comunicate category-noutati\">\n\t\t\t<div class=\"elementor-post__card\">\n\t\t\t\t<a class=\"elementor-post__thumbnail__link\" href=\"https:\/\/invatarecontinua.assoc.ro\/?p=539\" tabindex=\"-1\" ><div class=\"elementor-post__thumbnail\"><img loading=\"lazy\" decoding=\"async\" width=\"959\" height=\"540\" src=\"https:\/\/invatarecontinua.assoc.ro\/wp-content\/uploads\/2023\/02\/06_2023_17Februarie_135494.png\" class=\"attachment-full size-full wp-image-537\" alt=\"\" srcset=\"https:\/\/invatarecontinua.assoc.ro\/wp-content\/uploads\/2023\/02\/06_2023_17Februarie_135494.png 959w, https:\/\/invatarecontinua.assoc.ro\/wp-content\/uploads\/2023\/02\/06_2023_17Februarie_135494-300x169.png 300w, https:\/\/invatarecontinua.assoc.ro\/wp-content\/uploads\/2023\/02\/06_2023_17Februarie_135494-768x432.png 768w\" sizes=\"(max-width: 959px) 100vw, 959px\" \/><\/div><\/a>\n\t\t\t\t<div class=\"elementor-post__text\">\n\t\t\t\t<h3 class=\"elementor-post__title\">\n\t\t\t<a href=\"https:\/\/invatarecontinua.assoc.ro\/?p=539\" >\n\t\t\t\t17 februarie 2023: Inteligen\u0163a artificial\u0103 \u015fi imperfec\u0163iunea uman\u0103 &#8211; Invita\u021bie eveniment\t\t\t<\/a>\n\t\t<\/h3>\n\t\t\t\t<div class=\"elementor-post__excerpt\">\n\t\t\t<p>Inteligen\u0163a artificial\u0103 \u015fi imperfec\u0163iunea uman\u0103 O conferin\u0163\u0103 public\u0103 despre bune practici de integrare a persoanelor cu dizabilit\u0103\u0163i, respectiv despre strategiile na\u0163ionale \u00een domeniul incluziunii grupurilor vulnerabile organiz\u0103m Mar\u0163i, 21 februarie<\/p>\n\t\t<\/div>\n\t\t\n\t\t<a class=\"elementor-post__read-more\" href=\"https:\/\/invatarecontinua.assoc.ro\/?p=539\" aria-label=\"Read more about 17 februarie 2023: Inteligen\u0163a artificial\u0103 \u015fi imperfec\u0163iunea uman\u0103 &#8211; Invita\u021bie eveniment\" tabindex=\"-1\" >\n\t\t\tCITE\u0218TE INTEGRAL...\t\t<\/a>\n\n\t\t\t\t<\/div>\n\t\t\t\t\t<\/div>\n\t\t<\/article>\n\t\t\t\t<article class=\"elementor-post elementor-grid-item post-530 post type-post status-publish format-standard has-post-thumbnail hentry category-comunicate category-noutati\">\n\t\t\t<div class=\"elementor-post__card\">\n\t\t\t\t<a class=\"elementor-post__thumbnail__link\" href=\"https:\/\/invatarecontinua.assoc.ro\/?p=530\" tabindex=\"-1\" ><div class=\"elementor-post__thumbnail\"><img loading=\"lazy\" decoding=\"async\" width=\"2048\" height=\"1367\" src=\"https:\/\/invatarecontinua.assoc.ro\/wp-content\/uploads\/2023\/02\/03_2023_5Februarie_135494.jpg\" class=\"attachment-full size-full wp-image-532\" alt=\"\" srcset=\"https:\/\/invatarecontinua.assoc.ro\/wp-content\/uploads\/2023\/02\/03_2023_5Februarie_135494.jpg 2048w, https:\/\/invatarecontinua.assoc.ro\/wp-content\/uploads\/2023\/02\/03_2023_5Februarie_135494-300x200.jpg 300w, https:\/\/invatarecontinua.assoc.ro\/wp-content\/uploads\/2023\/02\/03_2023_5Februarie_135494-1024x684.jpg 1024w, https:\/\/invatarecontinua.assoc.ro\/wp-content\/uploads\/2023\/02\/03_2023_5Februarie_135494-768x513.jpg 768w, https:\/\/invatarecontinua.assoc.ro\/wp-content\/uploads\/2023\/02\/03_2023_5Februarie_135494-1536x1025.jpg 1536w, https:\/\/invatarecontinua.assoc.ro\/wp-content\/uploads\/2023\/02\/03_2023_5Februarie_135494-1200x801.jpg 1200w, https:\/\/invatarecontinua.assoc.ro\/wp-content\/uploads\/2023\/02\/03_2023_5Februarie_135494-1980x1322.jpg 1980w\" sizes=\"(max-width: 2048px) 100vw, 2048px\" \/><\/div><\/a>\n\t\t\t\t<div class=\"elementor-post__text\">\n\t\t\t\t<h3 class=\"elementor-post__title\">\n\t\t\t<a href=\"https:\/\/invatarecontinua.assoc.ro\/?p=530\" >\n\t\t\t\t5 februarie 2023: Progresul depinde de fiecare!\t\t\t<\/a>\n\t\t<\/h3>\n\t\t\t\t<div class=\"elementor-post__excerpt\">\n\t\t\t<p>\u27a1\ufe0f De ce un om este mai bine pl\u0103tit dec\u00e2t altul? \u27a1\ufe0f De ce o meserie este mai bine cotata \u00een compara\u0163ie cu alta? \u27a1\ufe0f Cu siguran\u0163\u0103, a\u0163i auzit aceste<\/p>\n\t\t<\/div>\n\t\t\n\t\t<a class=\"elementor-post__read-more\" href=\"https:\/\/invatarecontinua.assoc.ro\/?p=530\" aria-label=\"Read more about 5 februarie 2023: Progresul depinde de fiecare!\" tabindex=\"-1\" >\n\t\t\tCITE\u0218TE INTEGRAL...\t\t<\/a>\n\n\t\t\t\t<\/div>\n\t\t\t\t\t<\/div>\n\t\t<\/article>\n\t\t\t\t<article class=\"elementor-post elementor-grid-item post-524 post type-post status-publish format-standard has-post-thumbnail hentry category-comunicate category-noutati\">\n\t\t\t<div class=\"elementor-post__card\">\n\t\t\t\t<a class=\"elementor-post__thumbnail__link\" href=\"https:\/\/invatarecontinua.assoc.ro\/?p=524\" tabindex=\"-1\" ><div class=\"elementor-post__thumbnail\"><img loading=\"lazy\" decoding=\"async\" width=\"2048\" height=\"1365\" src=\"https:\/\/invatarecontinua.assoc.ro\/wp-content\/uploads\/2023\/01\/02_2023_31Ianuarie_135494.jpg\" class=\"attachment-full size-full wp-image-523\" alt=\"\" srcset=\"https:\/\/invatarecontinua.assoc.ro\/wp-content\/uploads\/2023\/01\/02_2023_31Ianuarie_135494.jpg 2048w, https:\/\/invatarecontinua.assoc.ro\/wp-content\/uploads\/2023\/01\/02_2023_31Ianuarie_135494-300x200.jpg 300w, https:\/\/invatarecontinua.assoc.ro\/wp-content\/uploads\/2023\/01\/02_2023_31Ianuarie_135494-1024x683.jpg 1024w, https:\/\/invatarecontinua.assoc.ro\/wp-content\/uploads\/2023\/01\/02_2023_31Ianuarie_135494-768x512.jpg 768w, https:\/\/invatarecontinua.assoc.ro\/wp-content\/uploads\/2023\/01\/02_2023_31Ianuarie_135494-1536x1024.jpg 1536w, https:\/\/invatarecontinua.assoc.ro\/wp-content\/uploads\/2023\/01\/02_2023_31Ianuarie_135494-1200x800.jpg 1200w, https:\/\/invatarecontinua.assoc.ro\/wp-content\/uploads\/2023\/01\/02_2023_31Ianuarie_135494-1980x1320.jpg 1980w\" sizes=\"(max-width: 2048px) 100vw, 2048px\" \/><\/div><\/a>\n\t\t\t\t<div class=\"elementor-post__text\">\n\t\t\t\t<h3 class=\"elementor-post__title\">\n\t\t\t<a href=\"https:\/\/invatarecontinua.assoc.ro\/?p=524\" >\n\t\t\t\t31 Ianuarie 2023: Oportunit\u0103\u021bi &#8211; Cursuri nonformale de educa\u021bie financiar\u0103\t\t\t<\/a>\n\t\t<\/h3>\n\t\t\t\t<div class=\"elementor-post__excerpt\">\n\t\t\t<p>ASSOC, \u0163in\u00e2nd cont \u015fi de specificul economico-social al Regiunii Nord-Vest, s-a concentrat pe identificarea de solu\u0163ii \u00een ce prive\u015fte cre\u015fterea gradului de calificare al for\u0163ei de munc\u0103 \u015fi stimularea interesului<\/p>\n\t\t<\/div>\n\t\t\n\t\t<a class=\"elementor-post__read-more\" href=\"https:\/\/invatarecontinua.assoc.ro\/?p=524\" aria-label=\"Read more about 31 Ianuarie 2023: Oportunit\u0103\u021bi &#8211; Cursuri nonformale de educa\u021bie financiar\u0103\" tabindex=\"-1\" >\n\t\t\tCITE\u0218TE INTEGRAL...\t\t<\/a>\n\n\t\t\t\t<\/div>\n\t\t\t\t\t<\/div>\n\t\t<\/article>\n\t\t\t\t<article class=\"elementor-post elementor-grid-item post-460 post type-post status-publish format-standard has-post-thumbnail hentry category-noutati\">\n\t\t\t<div class=\"elementor-post__card\">\n\t\t\t\t<a class=\"elementor-post__thumbnail__link\" href=\"https:\/\/invatarecontinua.assoc.ro\/?p=460\" tabindex=\"-1\" ><div class=\"elementor-post__thumbnail\"><img loading=\"lazy\" decoding=\"async\" width=\"2048\" height=\"1367\" src=\"https:\/\/invatarecontinua.assoc.ro\/wp-content\/uploads\/2022\/06\/02_2022_29Iunie_135494_01.jpg\" class=\"attachment-full size-full wp-image-458\" alt=\"\" srcset=\"https:\/\/invatarecontinua.assoc.ro\/wp-content\/uploads\/2022\/06\/02_2022_29Iunie_135494_01.jpg 2048w, https:\/\/invatarecontinua.assoc.ro\/wp-content\/uploads\/2022\/06\/02_2022_29Iunie_135494_01-300x200.jpg 300w, https:\/\/invatarecontinua.assoc.ro\/wp-content\/uploads\/2022\/06\/02_2022_29Iunie_135494_01-1024x684.jpg 1024w, https:\/\/invatarecontinua.assoc.ro\/wp-content\/uploads\/2022\/06\/02_2022_29Iunie_135494_01-768x513.jpg 768w, https:\/\/invatarecontinua.assoc.ro\/wp-content\/uploads\/2022\/06\/02_2022_29Iunie_135494_01-1536x1025.jpg 1536w, https:\/\/invatarecontinua.assoc.ro\/wp-content\/uploads\/2022\/06\/02_2022_29Iunie_135494_01-1200x801.jpg 1200w, https:\/\/invatarecontinua.assoc.ro\/wp-content\/uploads\/2022\/06\/02_2022_29Iunie_135494_01-1980x1322.jpg 1980w\" sizes=\"(max-width: 2048px) 100vw, 2048px\" \/><\/div><\/a>\n\t\t\t\t<div class=\"elementor-post__text\">\n\t\t\t\t<h3 class=\"elementor-post__title\">\n\t\t\t<a href=\"https:\/\/invatarecontinua.assoc.ro\/?p=460\" >\n\t\t\t\t29 iunie 2022: \u00cenv\u0103\u021bare continu\u0103, o decizie bun\u0103 pentru carier\u0103!\t\t\t<\/a>\n\t\t<\/h3>\n\t\t\t\t<div class=\"elementor-post__excerpt\">\n\t\t\t<p>Cu to\u021bii trebuie s\u0103 avem dorin\u021be de mai bine. Unii vor s\u0103 ating\u0103 un anume rang, al\u021bii s\u0103 dob\u00e2ndeasc\u0103 faim\u0103, putere, bani \u0219i orice implic\u0103 succesul \u00een via\u021b\u0103. Ambi\u021biile noastre<\/p>\n\t\t<\/div>\n\t\t\n\t\t<a class=\"elementor-post__read-more\" href=\"https:\/\/invatarecontinua.assoc.ro\/?p=460\" aria-label=\"Read more about 29 iunie 2022: \u00cenv\u0103\u021bare continu\u0103, o decizie bun\u0103 pentru carier\u0103!\" tabindex=\"-1\" >\n\t\t\tCITE\u0218TE INTEGRAL...\t\t<\/a>\n\n\t\t\t\t<\/div>\n\t\t\t\t\t<\/div>\n\t\t<\/article>\n\t\t\t\t<\/div>\n\t\t\n\t\t\t\t<div class=\"e-load-more-anchor\" data-page=\"1\" data-max-page=\"4\" data-next-page=\"https:\/\/invatarecontinua.assoc.ro\/index.php?rest_route=%2Fwp%2Fv2%2Fpages%2F73&#038;paged=2\"><\/div>\n\t\t\t\t<nav class=\"elementor-pagination\" aria-label=\"Pagination\">\n\t\t\t<span class=\"page-numbers prev\">&laquo; Previous<\/span>\n<span aria-current=\"page\" class=\"page-numbers current\"><span class=\"elementor-screen-only\">Page<\/span>1<\/span>\n<a class=\"page-numbers\" href=\"https:\/\/invatarecontinua.assoc.ro\/index.php\/?paged=2\"><span class=\"elementor-screen-only\">Page<\/span>2<\/a>\n<a class=\"page-numbers\" href=\"https:\/\/invatarecontinua.assoc.ro\/index.php\/?paged=3\"><span class=\"elementor-screen-only\">Page<\/span>3<\/a>\n<a class=\"page-numbers\" href=\"https:\/\/invatarecontinua.assoc.ro\/index.php\/?paged=4\"><span class=\"elementor-screen-only\">Page<\/span>4<\/a>\n<a class=\"page-numbers next\" href=\"https:\/\/invatarecontinua.assoc.ro\/index.php?rest_route=%2Fwp%2Fv2%2Fpages%2F73&#038;paged=2\">Next &raquo;<\/a>\t\t<\/nav>\n\t\t\t\t\t\t<\/div>\n\t\t\t\t<\/div>\n\t\t\t\t\t<\/div>\n\t\t<\/div>\n\t\t\t\t\t<\/div>\n\t\t<\/section>\n\t\t\t\t<\/div>\n\t\t","protected":false},"excerpt":{"rendered":"<p>COMUNICATE<\/p>\n","protected":false},"author":1,"featured_media":0,"parent":0,"menu_order":0,"comment_status":"closed","ping_status":"closed","template":"elementor_header_footer","meta":{"footnotes":""},"class_list":["post-73","page","type-page","status-publish","hentry"],"_links":{"self":[{"href":"https:\/\/invatarecontinua.assoc.ro\/index.php?rest_route=\/wp\/v2\/pages\/73","targetHints":{"allow":["GET"]}}],"collection":[{"href":"https:\/\/invatarecontinua.assoc.ro\/index.php?rest_route=\/wp\/v2\/pages"}],"about":[{"href":"https:\/\/invatarecontinua.assoc.ro\/index.php?rest_route=\/wp\/v2\/types\/page"}],"author":[{"embeddable":true,"href":"https:\/\/invatarecontinua.assoc.ro\/index.php?rest_route=\/wp\/v2\/users\/1"}],"replies":[{"embeddable":true,"href":"https:\/\/invatarecontinua.assoc.ro\/index.php?rest_route=%2Fwp%2Fv2%2Fcomments&post=73"}],"version-history":[{"count":20,"href":"https:\/\/invatarecontinua.assoc.ro\/index.php?rest_route=\/wp\/v2\/pages\/73\/revisions"}],"predecessor-version":[{"id":400,"href":"https:\/\/invatarecontinua.assoc.ro\/index.php?rest_route=\/wp\/v2\/pages\/73\/revisions\/400"}],"wp:attachment":[{"href":"https:\/\/invatarecontinua.assoc.ro\/index.php?rest_route=%2Fwp%2Fv2%2Fmedia&parent=73"}],"curies":[{"name":"wp","href":"https:\/\/api.w.org\/{rel}","templated":true}]}}